= -5*g + 8 + 4*g**2 + g**3 - 17 + 17 + 11*g. Determine m(-4).
-16
Let q(g) = -g**2 - 8*g - 9. Suppose -13*o + 16*o + 2*w + 7 = 0, -5*o = w + 21. What is q(o)?
6
Let q(r) = 3*r**2 - 7*r - 2. Let w(u) = -2*u**2 + 4*u + 1. Let b(v) = 3*q(v) + 5*w(v). Suppose -k + 0 - 2 = 0. Give b(k).
-3
Let i(p) = p - 23. Suppose 8 = -4*k, -2*k - 60 = -58*z + 54*z. Calculate i(z).
-9
Let j(h) = 81 - 30 - 53 - 8*h. What is j(2)?
-18
Let j(w) = -w + 3. Suppose 2*l + 197 = -3*l - 3*s, -l - 33 = -s. Let b = 42 + l. Determine j(b).
-2
Let u = -4019/2 + 2012. Let t(y) be the first derivative of 1/4*y**4 - 8 + 4*y - 2/3*y**3 - u*y**2. Calculate t(3).
-2
Let i(j) = -7*j**3 - 7*j**2 + 9*j + 7. Let m(n) = -8*n**3 - 7*n**2 + 9*n + 7. Let f(g) = 7*i(g) - 6*m(g). Suppose -5*y = 5, 0 = -2*b - 5*y - 27 + 6. Give f(b).
-1
Let h(j) = 10*j**2 + 5*j - 9*j**2 - 5 + 7. Let r be (-1)/(-10)*-2 - (-14)/(-5). Give h(r).
-4
Let y(k) = -9 + 25 - 7 - 7*k + k**2. What is y(5)?
-1
Let b(m) = 6*m - 2. Let a(w) = -w**2 - w + 17. Let d be a(4). What is b(d)?
-20
Let q(p) be the first derivative of 17*p**2 - 43. Determine q(-1).
-34
Let d(j) = j - 1. Let q(b) = b**2 + 11*b - 7. Let i(v) = -5*d(v) + q(v). Suppose 5*n + 4*r = -31, 2*n + 2*n + 4*r + 24 = 0. Give i(n).
5
Let l(x) = x - 13. Let o be 6*8/48*8. Determine l(o).
-5
Suppose -2*m + 769 = 775. Let l(r) be the third derivative of 0*r - 1/24*r**4 + 1/2*r**3 - 1/120*r**6 - 1/20*r**5 + 0 - 3*r**2. Calculate l(m).
6
Let j(r) = r**2 + 6*r + 8. Let q(o) be the first derivative of -o**3/3 - 3*o**2 - 9*o + 1. Suppose -159 = 55*f - 2*f. Let h(x) = f*j(x) - 2*q(x). Give h(-4).
2
Let a = -659 + 664. Let c(h) be the second derivative of 1/20*h**a + 0*h**2 + 2/3*h**4 - h + h**3 + 0. What is c(-7)?
7
Let g(a) = 4*a - 92 + 51 + 41 + 21*a. Give g(1).
25
Let l(b) be the first derivative of 7*b + 1/3*b**3 + 4*b**2 - 2. Determine l(-7).
0
Let u(w) = -w**3 + 7*w**2 - 5*w + 6. Let z be (-18)/(-14)*(-630)/(-135). Determine u(z).
12
Let f(h) = h**2 + 5*h + 5. Let n be 16/(5 - 1) - -14. Let m be (-13)/117 + (-70)/n. Calculate f(m).
1
Suppose -9 = -12*h - 33. Let s(n) = -n**3 + 3*n**2 + n + 1. Let w(z) = -2*z**3 + 5*z**2 + 2*z + 2. Let v(q) = 5*s(q) - 3*w(q). Determine v(h).
-7
Let p(m) be the third derivative of -m**5/30 + 35*m**4/24 + 17*m**3/6 - 101*m**2. Calculate p(18).
-1
Let p = 362 + -365. Let v(r) = -r**3 + r. Calculate v(p).
24
Let h be (-375)/7 - (-9)/(-21). Let l = 56 + h. Let g(r) = r - 3. Give g(l).
-1
Let o(r) be the first derivative of r**4/4 + 5*r**3/3 + 2*r**2 - 4*r - 38. Suppose -3*d - 16 = d. What is o(d)?
-4
Let j = 25 - 15. Suppose -j*u = -12*u + 8. Let k(w) = -w**2 + 5*w + 3. Determine k(u).
7
Let l(s) = -s - 9. Suppose -3*o - 14 - 10 = -b, 5*b = 4*o + 175. Suppose -b = 13*w + 52. Determine l(w).
-2
Let x(o) = -o - 8. Let d = -159 - -161. Let q = 3 + 1. Suppose 5*w + 14 = -d*l, -q = w + l - 3. What is x(w)?
-4
Let z(y) = y**2 - 5*y - 4. Let h be 4/(-18)*314 + (-68)/306. Let o = 75 + h. What is z(o)?
-4
Suppose 5*a - 10 = -7*t + 4*t, 5*t + 20 = -a. Let w(g) = -g**3 - 8*g**2 - 1. Let m = 17 + -13. Let p(o) = -o**2 - o - 1. Let b(k) = m*p(k) - w(k). Give b(t).
-8
Let u(c) = c - 2. Let o be u(-4). Let z(l) be the third derivative of l**5/60 + 5*l**4/24 - 5*l**3/6 - 4*l**2 - 26*l. Give z(o).
1
Let z(m) = 2 + 11 - 2*m - 3. Let j be z(6). Let u(p) = -2*p**2. Determine u(j).
-8
Suppose -322*v + 345*v - 46 = 0. Let y(f) be the third derivative of -1/12*f**4 + 1/20*f**5 + 0*f - 1/3*f**3 + 0 + 9*f**v. Calculate y(2).
6
Let t be (6/(-5))/((-1)/5). Let p(f) = -1 - 8*f - t*f + 5*f - 9*f. Give p(-1).
17
Suppose 4*q - 176 = -2*o, 7 = 2*o + 5*q - 170. Let h be 6/(-16) - o/(-16). Let a(u) = -2*u**2 + 6*u. Determine a(h).
-20
Suppose 0 = 12*h - 16*h - p + 2, -5*p + 10 = -5*h. Let q(c) = c**2 + 4*c + 3. Give q(h).
3
Let a(l) = -3*l - 1. Suppose -10 = -2*z, -15*z = -4*g - 19*z. Give a(g).
14
Suppose 4*t + 1 = 9. Let o(s) = 2*s + 9*s**t - 1 - 19*s**2 - s**3 + 6*s**2. Calculate o(-4).
-9
Suppose 0 = -3*k - 0*k + 2*x - 72, -3*x - 72 = 3*k. Let f = -29 - k. Let t(j) be the second derivative of -j**4/12 - j**3/2 - 2*j**2 + 2*j. Give t(f).
-14
Let j = 13 - 10. Let r(a) = -a**3 + a**2 - 3*a + 4. What is r(j)?
-23
Suppose 34*h - 30*h + 56 = 0. Let p be 1/(-1) - h/(-7). Let m(f) = -f**3 - 2*f**2 + 4*f. Calculate m(p).
-3
Let r be (-7 - -10)/(0 + 1). Suppose -3*g + 30 = 5*d + 2*g, -r = -2*d + g. Let m(a) = 5*a - 4. Let p(q) = 11*q - 9. Let w(l) = -14*m(l) + 6*p(l). Give w(d).
-10
Let r(x) = 6*x**3 - x**2 + 5*x + 5. Let w(a) = a**3 + a**2 + 1. Let z(b) = r(b) - 5*w(b). Suppose 0*d = -4*d + 8. Let p be ((-6)/d)/((-3)/4). Give z(p).
-12
Let v(c) = 9 + 7 - 18 - 3*c + 3. Give v(1).
-2
Let u(o) = -o**3 - 6*o**2 - 7*o - 6. Let b(x) = x**2 - 6*x + 4. Suppose -3*n + 2 = -n. Let m be -7 - -5 - (-6 + n). Let d be b(m). What is u(d)?
4
Let k(s) = -20*s + 2. Let u(j) = -10*j + 1. Let t(v) = 4*k(v) - 7*u(v). Let o(f) = -7*f. Let b be o(1). Let g = b + 8. Determine t(g).
-9
Let i(y) = -12 + y**2 - 6*y - 2 + 18*y + 2. Give i(-12).
-12
Let w(z) = -2*z + 11. Let b(q) = -2*q + 10. Let t(s) = -7*b(s) + 6*w(s). Let y = -7 + 11. Suppose y*r = -8 - 8. Determine t(r).
-12
Let v(f) = -f - 4. Let s be v(0). Let o(y) be the third derivative of -y**5/60 - y**4/8 - y**3/3 + 59*y**2. What is o(s)?
-6
Let h = 34 + -37. Suppose p - 6*p = -10. Let j(s) = -p + 1 - 1 - 5*s**2 - s**3 + s**2 - 3*s. What is j(h)?
-2
Suppose 0 = -5*r - y - 2*y + 7, 2*y - 4 = -3*r. Let c(t) = r + 0*t - t + t + t. Give c(-6).
-4
Let a(f) be the second derivative of f**3/6 + 3*f**2 - 257*f. What is a(-6)?
0
Let u = -321 + 317. Let h(o) = -o**2 - 3*o + 5. Give h(u).
1
Let a(f) = 7 - 2*f - 8*f + f**2 + 12*f - 9*f. Let s be a(6). Let h(z) = 21*z**3 + 1. What is h(s)?
22
Suppose -21*z - 36 = -18*z. Let m be (4/6)/(4/z). Let w(i) be the first derivative of -i**4/2 - 4*i**3/3 - i**2 - 10. Calculate w(m).
4
Suppose 2*a = a. Let b(s) = a + 7*s**2 - 11*s**2 - 2*s + 3 + 7*s**2. Give b(2).
11
Suppose 4*m + l = -l + 148, 2*l - 111 = -3*m. Let p = m - 44. Let u(y) = -y**2 - 3*y + 8. Give u(p).
-20
Let w be -8 + 4/(-28) + (-8)/(-7). Let b(a) = a**3 + 8*a**2 + 6*a - 3. Determine b(w).
4
Let w(d) = 3*d**2 + 5*d + 5. Let g(a) = a**2 - a - 2. Let s(t) = 3*g(t) + w(t). Suppose n - 3 = 2*c - 2, 0 = -5*c. Give s(n).
7
Let y = 2 - -4. Let b(x) = 0*x + 6*x + 2 - 7*x + 5. Let p be b(y). Let i(k) = 6*k**2 - k + 1. Determine i(p).
6
Let s = -1877 + 1876. Let x(a) = 16*a**3 + a**2 - 1. Give x(s).
-16
Let z(h) = 5*h + 45. Let p(f) = -f**3 + 7*f**2 - 7*f - 28. Let j be p(4). Give z(j).
5
Let s(z) = -z**3 + z - 1. Let o = 42 - 42. Let j be s(o). Let u(g) = 2*g**3 - 1. Calculate u(j).
-3
Let q(k) = -4*k - 18. Let h be q(-6). Let n(f) = 0*f + 2*f - h*f + 6*f - 3. Give n(7).
11
Let k(t) = -7*t**3 - t - 10. Let f(q) = q**3 + 1. Let x(z) = -6*f(z) - k(z). Let r = 1 + -1. What is x(r)?
4
Let t be 52/(-6)*(-36)/(-24). Let m(s) = -s**3 - 14*s**2 - 15*s - 16. Give m(t).
10
Let l(v) = -v**2 - 12*v + 3. Let h be l(-12). Let r(b) = 14*b**h + 18*b**3 - 2*b - 37*b**3 + 1. Give r(1).
-6
Let y(l) be the third derivative of l**5/60 - l**4/4 - l**3/6 - 2*l**2 + 53. What is y(6)?
-1
Let l(q) be the first derivative of 4*q**3/3 + 8*q**2 + 6*q - 809. What is l(-4)?
6
Let f(q) be the first derivative of -q**4/4 + 2*q**3 + q - 111. What is f(6)?
1
Let f(v) = -6*v + 1. Let d be f(1). Let j(p) = -8*p**2 + 26*p + 10. Let o(b) = -3*b**2 + 9*b + 3. Let q(l) = 4*j(l) - 11*o(l). Calculate q(d).
7
Suppose 4*i + 0*i + 17 = d, 0 = -2*d + 4*i + 14. Let s(x) = x - 3. Give s(d).
-6
Let l be (0 + -4 - -4)/2. Suppose -t + n + 3 + 4 = l, -t + 7 = n. Suppose k + 0*k + 13 = -3*y, -t = -3*y + 4*k. Let x(s) = -s + 1. What is x(y)?
4
Let u = 18 + -16. Let a(d) = d**3 - 2 - d - d**2 - 2*d**u + 6*d**2. Give a(-3).
1
Suppose -p + 4 = -19. Suppose -2*r - 6 = 4*v, -3*r - 2*v + p = -4*v. Let n(j) = j**3 - 4*j**2 - 5*j - 6. What is n(r)?
-6
Suppose -g = -5*p + 23, g + 3*p + 1 - 18 = 0. Let v(i) = 3*i - g*i - 13 + 0*i. Give v(9).
-4
Let l(i) = -3*i**2 - 3 + 34*i + 27*i - 59*i + i**3. Calculate l(4).
21
Let d(h) = 6 + 19*h**2 + 7*h - 19*h - 16*h**2. Determine d(4).
6
Let d(l) be the second derivative of 4/3*l**3 + 4*l**2 + 0 + 1/12*l**4 + 9*l. Suppose 4*u + 16 = u - 2*p, -4*p + 22 = -3*u. Determine d(u).
-4
